common divisor of u and 15?
15
Let t be ((-198)/(-8))/((-7)/(-56)). Calculate the greatest common factor of t and 22.
22
Suppose -11*q = -17*q + 2574. Calculate the highest common divisor of q and 39.
39
Let u be (-50)/(-5) - 1*-1. Let s(t) = 14*t**2 + t + 1. Let l be s(-2). What is the greatest common factor of l and u?
11
Suppose 5 = 2*y + 3*y. Suppose 11 + y = 4*v. Suppose 2*t = t + 21. What is the greatest common factor of t and v?
3
Suppose l = -0*y - 5*y + 256, 3*y - 157 = -4*l. Let r = 9 + -1. Let t be 17/2*(r + -6). Calculate the highest common divisor of y and t.
17
Suppose -u - 5*f = -45, 2*f + 3*f + 55 = 4*u. What is the highest common divisor of 30 and u?
10
Let z = -49 - -91. What is the greatest common divisor of 6 and z?
6
Let p be (-10)/(-14) + 4/14. Let w be p/(-2) + (-9)/(-2). Suppose -2*m - 28 = -w*m. Calculate the greatest common factor of 28 and m.
14
Let t(n) = -n**3 - 6*n**2 - 3*n + 7. Let j be t(-5). Let v = -7 - j. Let k be v/(-18) - (-32)/18. Calculate the highest common factor of 16 and k.
2
Let y(a) = 20*a - 2. Let o be (2/4)/((-3)/(-12)). Let x be y(o). Calculate the highest common factor of 57 and x.
19
Let r(t) = 3*t + 2. Suppose 2*v - 50 = 7*v. Let s be ((-4)/v)/(2/10). Let h be r(s). Calculate the greatest common factor of 32 and h.
8
Let y(j) = j**3 + 2*j**2 + 2*j. Let w be y(-2). Let b = w - -10. What is the highest common factor of b and 24?
6
Let j(t) = 2*t**2 + t - 4. Let q be j(-3). Calculate the greatest common divisor of 88 and q.
11
Suppose -2*u + 12 = -2. Let j(w) = -w**3 + 6*w**2 + 6*w + 5. Let v be j(u). Let c be (-3)/v*(-2)/(-1). What is the greatest common factor of 6 and c?
3
Suppose 2*x = -144 + 438. Let i = x - 103. What is the greatest common factor of i and 4?
4
Suppose 4*h + 4*h = 8. What is the greatest common divisor of 4 and h?
1
Let m be (9 - 10)/(-2 + 1). Let p = m - -99. Suppose 4*x - p + 8 = 0. What is the greatest common divisor of 69 and x?
23
Suppose 8*a - 1131 = -5*a. What is the highest common divisor of 58 and a?
29
Let r be (4 + -2)*(3 + -1). Suppose 0 = -6*u + 5*u + r. Calculate the highest common divisor of u and 10.
2
Let c be 1*-19*(-17 - -13). Let i be ((-19)/(-2))/((-2)/(-4)). What is the highest common divisor of c and i?
19
Suppose 3*c = -15, 3*f + 2*c - 70 = 2*f. What is the greatest common factor of 16 and f?
16
Suppose 3*m + 4*s = 328, -437 = -5*m + m - 5*s. What is the greatest common factor of 12 and m?
12
Let g be (-54)/(-5) + (-1)/(-5). Suppose x - 1 = -q - x, -4*q + 24 = 3*x. Let t(s) = 7*s - 8. Let h be t(q). Calculate the highest common divisor of g and h.
11
Let p(a) = -3*a + 9. Let o be p(-9). Let h be o/(1 - 0/3). Calculate the greatest common divisor of 9 and h.
9
Let n(m) = m**3 - 12*m**2 - 12*m - 10. Let x be n(13). What is the highest common factor of x and 3?
3
Suppose -7*c = -3*c - 2*d - 14, -c - 4*d - 10 = 0. Let i = -20 + 18. Let q be (-126)/(-45) + i/(-10). Calculate the greatest common divisor of q and c.
1
Suppose 0*y - 40 = 2*d - 4*y, -5*y = 3*d + 49. Let p be (-8 - d) + (-1 - 1). Calculate the greatest common divisor of 20 and p.
4
Let c be 27*(-4)/(-3) - 3. Calculate the highest common factor of 11 and c.
11
Suppose -3*m + 4*q + 178 = 0, 5*m - 250 = 2*q - 7*q. Suppose 5*h - 205 = -5*l - 0*l, 0 = l - 5*h - 11. What is the greatest common divisor of l and m?
18
Let w(v) = -14*v + 6. Let m be w(-5). Suppose -n - m = -3*n. Let a = n - 14. Calculate the greatest common divisor of 16 and a.
8
Suppose 0 = 5*w - 60 - 35. Calculate the greatest common factor of 19 and w.
19
Let w be 3*2/12*10. Suppose w = t - 4. Suppose 0 = -11*c + 15*c - 144. Calculate the highest common factor of c and t.
9
Let d(f) = -5*f + 15. Let o be d(-8). Calculate the highest common factor of 11 and o.
11
Let z(i) = -i + 8. Let p be z(6). Suppose 118 + 2 = p*k. Let t be ((-2)/5)/(1/(-60)). What is the greatest common divisor of t and k?
12
Let r(i) = -i + 10. Let d be r(8). Let f be 4 - d*(0 - 1). What is the highest common factor of f and 12?
6
Suppose -2*c + v = -74, c + v - 40 = 3*v. Calculate the greatest common divisor of c and 144.
36
Let u(w) = -w**3 + 14*w**2 - 6*w - 14. Let q be u(13). Calculate the highest common divisor of q and 7.
7
Suppose g = -g + 192. Suppose 18 = -3*b + g. What is the highest common divisor of 130 and b?
26
Suppose -2*i - 2*b = -44, 4*i - 2*b - 12 - 64 = 0. Let m = i - 14. Calculate the highest common divisor of 54 and m.
6
Suppose 4*a - 4*t - 316 = 0, 0 = 2*a + a - 4*t - 241. What is the highest common factor of a and 60?
15
Let q be 20/(-90) - 328/(-18). Let r be (-24)/q*(-3)/2. What is the greatest common divisor of r and 4?
2
Let z = 2 + -2. Suppose 0 = 4*t - z*t - 20. Suppose -h - 4*h = -t. What is the greatest common factor of h and 3?
1
Suppose p - 3*w = 63, -4*p + 172 = 2*w + 2*w. What is the greatest common factor of p and 12?
12
Let z = 29 - 6. Calculate the highest common divisor of 69 and z.
23
Let n = 1 + 1. Suppose -52 = -4*r - 4*a, -n*r + 18 = -2*a - 12. Calculate the greatest common divisor of 21 and r.
7
Let j(v) = -4*v + 3. Let x be j(-3). Calculate the highest common divisor of x and 15.
15
Let w be 237/27 - (-2)/9. Let j = w + -3. What is the greatest common divisor of j and 6?
6
Suppose -2*c = -2*d - c + 11, -3*d = -5*c - 13. Suppose 7 = 6*k - 17. Suppose d*w - k*w = 108. Calculate the highest common factor of w and 6.
6
Let s(z) = z**2 + 4*z. Let w be s(-7). What is the highest common divisor of w and 7?
7
Suppose l - 4*i + 0 = 2, -12 = -3*i. Let y be (-3)/(l/(-4))*9. What is the highest common divisor of 3 and y?
3
Let x(m) = m. Let w be x(3). Let c be w/(-5)*(5 - 0). Let n = 77 - c. Calculate the greatest common factor of 32 and n.
16
Suppose 0 = -5*a + 46 + 14. Let b(l) = l + 2. Let i be b(-4). Let g be i/(-3)*18*1. Calculate the highest common divisor of a and g.
12
Let g = 423 + -400. Let t be (-91)/(-4) + (-2)/(-8). Calculate the greatest common factor of t and g.
23
Suppose 2*p + 16 = 4*c, 0 = -c + 4*p + 4 + 7. Suppose c*f - 34 = f. Suppose -4*x + 3 = -f. What is the highest common divisor of x and 25?
5
Suppose 65*i = 70*i - 10. Let g be (2/3)/(4/6). What is the highest common factor of g and i?
1
Let y(p) = 5*p - 26. Let u be y(8). What is the greatest common divisor of u and 7?
7
Let l(b) = 30*b**3 + b**2 - b + 1. Let w be l(1). Suppose -3*m + 3*c - 6 = -210, -4*c + 48 = m. Let a = m - w. What is the highest common divisor of 11 and a?
11
Let x(o) = 13*o. Let k(r) = -r**2 - 3*r + 1. Let b be k(-3). Let l be x(b). Let m be -1 - (-107 + 1 + 1). Calculate the highest common divisor of l and m.
13
Suppose -3 = -2*m + 3. Suppose 0 = -2*h - 2*b + 28, 4*b = -m*h - 0*b + 42. Suppose -84 = -2*v - v. What is the greatest common divisor of v and h?
14
Suppose -2*o = -5*o + 264. What is the highest common factor of o and 11?
11
Let p be (-4)/(-12) + (-1 - 56/(-3)). Calculate the highest common divisor of 45 and p.
9
Suppose 0 = 2*k + k + 15, 3*n - k - 23 = 0. Let t(v) = -v**3 + 13*v**2 + 5*v - 17. Let r be t(13). Calculate the greatest common factor of n and r.
6
Let q be 0*(4/2)/(-4). Let v(m) = m**3 - m**2 - m + 15. Let b be v(q). What is the greatest common divisor of b and 150?
15
Let w(c) = -c**2 + 19*c - 25. Let p be w(14). What is the highest common factor of 27 and p?
9
Let q(n) = -n**2 - 4*n + 4. Let h = -5 - -1. Let z be q(h). Calculate the highest common factor of 10 and z.
2
Let u be 3/(-12) + (-186)/(-8). Calculate the greatest common factor of 23 and u.
23
Let k be (-6 - -16)*(-14)/(-4). Let d be k + -2 + -2 + 2. What is the greatest common divisor of d and 3?
3
Let f be 20/6*294/7. What is the greatest common divisor of f and 20?
20
Suppose 0 = 3*u - 4*u - 6. Let v be (41 - 1)/(u/(-15)). Calculate the highest common factor of 40 and v.
20
Suppose 4*k + 3*r - 575 + 2 = 0, 2*k - 290 = 2*r. Calculate the highest common factor of k and 96.
48
Let g(o) = o**3 + 6*o**2 + 5*o + 6. Let q be (-26)/5 - 3/(-15). Let l be g(q). What is the highest common divisor of 12 and l?
6
Suppose 5*y - 132 = -3*n, 92 = 5*y + 4*n - 44. Calculate the highest common factor of 24 and y.
24
Suppose 588 = o + 13*o. What is the highest common factor of 98 and o?
14
Suppose -5*g + 4*r = -713, -3*g - r + 441 = r. What is the highest comm